24 - z**2. Let l(q) = 2*q + 1 + q**3 + 5*q + 3*q**2 - 13*q**2 + 2*q. Let i be l(9). Determine w(i).
-5
Let z(y) be the first derivative of y**4/4 - 7*y**3/3 + 2*y**2 + 4*y - 2. Calculate z(6).
-8
Let j(l) = l**2 - 2*l - 5. Let s(w) = 2*w - 4 + 15 - 5. Suppose 2*g + 0*o + o = -6, 3*g = 2*o - 16. Let k(f) = g*s(f) - 5*j(f). Determine k(-1).
-6
Let k(t) = 2*t**3 - 5*t**2 - 5*t - 6. Let g(a) = -a**3 + 2*a**2 + 2*a + 3. Let i(f) = -5*g(f) - 2*k(f). Determine i(0).
-3
Let g(b) = -5*b**3 - b**2 + b + 4. Let s(o) = -6*o**3 - o**2 + o + 3. Suppose -3*u + 5 = -10. Let z(f) = u*g(f) - 4*s(f). Determine z(0).
8
Let h(j) be the second derivative of j**4/12 + j**3 + 9*j**2/2 - 7*j. Give h(-6).
9
Let z(j) = -2*j - 1. Let x(i) = -i. Let q(p) = 9*x(p) - 4*z(p). Let u be (-5)/(2 - (-21)/(-9)). Suppose 4*f - v = 13, 5*v + u = -9*f + 4*f. What is q(f)?
2
Let i(c) = -c**2 + 1. Let f(b) = b**3 - b**2 + b - 6. Let t(m) = -f(m) + 2*i(m). Let s(n) = -n + 3. Let p be s(3). Determine t(p).
8
Let d(w) be the second derivative of w**3/6 - 2*w**2 + 5*w. Give d(7).
3
Let q = 2/199 - -790/597. Let z(a) be the first derivative of q*a**3 + 3*a + 5/2*a**2 - 1/4*a**4 - 3. Determine z(5).
3
Let o(z) = 2 + 0 + 7*z - 5*z. Let x be (0/(-2) - 5) + 2. Let h = x - 1. What is o(h)?
-6
Let p(u) be the third derivative of u**8/6720 + u**7/630 - u**6/240 - u**5/24 - u**4/6 - 4*u**2. Let b(d) be the second derivative of p(d). Calculate b(-4).
7
Let q(a) = a**2 + 5*a + 7. Let j(n) = n + 3. Let f be j(-9). Give q(f).
13
Let s(g) = -4*g**2 - g**3 + 6*g**2 - 2*g - 2*g**2 + 8*g**2 + 12. Let k be s(8). Let a(i) = -i**3 - 5*i**2 - 2*i + 2. Determine a(k).
-6
Let l(i) be the third derivative of -i**4/24 + 2*i**3/3 - 8*i**2. Determine l(6).
-2
Let r(s) = 17*s**3 + s**2. Let t(h) = h**2 - 8*h + 8. Let g be t(1). Calculate r(g).
18
Let f = 58 - 19. Let z be 11/3 - (-13)/f. Let u(g) = 0 - 3*g + 2*g - 1. Give u(z).
-5
Let y(c) = -8*c + 14*c + 0*c**2 - 11*c + c**3 + 3*c**2. What is y(-4)?
4
Let b(g) = -g**3 + 5*g**2 - 2*g - 3. Let t be 3/9*(4 - -5). Give b(t).
9
Let h(x) = 3*x + 6. Let w(m) be the second derivative of -1/6*m**3 - 1/2*m**2 - 2*m + 0. Let p(j) = -h(j) - 4*w(j). Determine p(5).
3
Let p(v) = 0*v**2 + 31 - 34 + v**2 + 0*v**2 + 4*v. Determine p(-5).
2
Let f be (0 + -3 + -2)/1. Let r(k) = 3 + 0*k + 3*k**2 + 7*k - 2*k**2. Determine r(f).
-7
Suppose 0 = -6*c + c + 35. Let g be (c/(-14))/(1/2). Let n(s) = -13*s - 7. Let p(v) = 13*v + 8. Let m(a) = 7*n(a) + 6*p(a). Give m(g).
12
Let s(t) = t**3 + 3*t**2 - 5*t + 1. Suppose 6*y = 2*y. Suppose -3*x - 3*p = -y*x + 15, -3*p = 3. Calculate s(x).
5
Let k(z) be the second derivative of -z**8/6720 + z**7/840 + z**6/360 - z**5/60 + 5*z**4/12 + 8*z. Let j(w) be the third derivative of k(w). What is j(3)?
4
Let v(t) = 4*t**3 - 6*t**2 - 5*t + 2. Let c(z) = 0*z + 1 + 7*z**2 - z**3 - 3 - 4*z**3 + 6*z. Let f(o) = 5*c(o) + 6*v(o). What is f(2)?
-10
Let p(n) be the first derivative of -n**4/4 + 3*n**2/2 + 2*n + 19. What is p(-2)?
4
Let k(w) = w + 13. Let u be k(-10). Let y(p) = p. Let b(f) = -f**2 - 3*f + 1. Let m(d) = b(d) + 3*y(d). Give m(u).
-8
Let w be 2*(30/4)/(-5). Let o be w/4 - 9/36. Let y(f) = 3*f - 2*f + 5*f**3 - 3*f**2 + 1 + f**3 + 4*f**2. Give y(o).
-5
Let n(r) = -r. Let u(p) = p**2 - 11*p - 3. Let t(k) = 6*n(k) - u(k). Give t(4).
7
Let f = -341 + 335. Let p(m) = 5*m**2 - 3*m**3 - 2 - m**3 - 8*m + 5*m**3. Determine p(f).
10
Let h = -8 + 2. Let t(n) = -n**3 + 4*n - 15. Let m(v) = 2*v**3 - v**2 - 9*v + 31. Let k(s) = 6*m(s) + 13*t(s). Calculate k(h).
3
Let k(u) be the first derivative of -u**4/4 - u**2/2 + 4*u + 2. Let j = 5 + -5. Determine k(j).
4
Let f be (-2 + (-4)/(-3))*-3. Suppose 6 = f*h + 2. Let z(s) = 3*s. Determine z(h).
6
Let i(c) = 2*c**2 + 31*c - 2 - 30*c - 5. Let g(k) = -3*k**2 - 2*k + 8. Let o(b) = 5*g(b) + 6*i(b). What is o(-2)?
-6
Let f = 177 + -172. Let v(g) = g**3 - 4*g**2 - 5*g - 6. Give v(f).
-6
Let c(d) = -2 + 3*d - d - 3*d. Let p be c(-6). Suppose 10 = -3*g - 2*x, -g - 2*x + p*x = -10. Let f(b) = -b**3 + b**2 + b - 4. Determine f(g).
-4
Let b = -54 + 31. Let m = 19 + b. Let z(i) = 7*i**3 + 5*i**2 + 12*i + 11. Let u(d) = -13*d**3 - 10*d**2 - 23*d - 21. Let g(j) = 6*u(j) + 11*z(j). What is g(m)?
3
Let n be (-21)/6*4/(-14). Let j(y) = -4*y**3 + y - 1. What is j(n)?
-4
Let m = 16 + -5. Let w = -5 + m. Let t(k) = k**3 - 6*k**2 + k - 4. Give t(w).
2
Let c(h) = h**3 - 2*h - 3. Let g be (2 + -1 + -2)/((-30)/(-60)). Give c(g).
-7
Let i(t) = -4*t**2 - 5*t + 2. Let s(d) = d**2 + d. Suppose r - 3 = 2*r. Let y(c) = r*s(c) - i(c). Let x(b) be the first derivative of y(b). Calculate x(-2).
-2
Let j = -35 + 29. Let m(w) = -13*w**3 + 15*w**2 - 4. Let s(b) = -7*b**3 + 8*b**2 - 2. Let n(x) = j*m(x) + 11*s(x). What is n(2)?
2
Let q be 17 + 6/3 + -2. Suppose -q = -7*t + 4*t - m, -4*t = 2*m - 22. Let f(z) = 3*z - t*z + 0*z**2 + 3*z**2 + 2 + z**3 - 3. What is f(-2)?
9
Suppose -2*j = 5*l - 28, 4*l - 11 = 2*j - 3. Let r(s) = -s**3 + 3*s**2 + 4*s - 6. Determine r(j).
-6
Let o(g) = g**3 - 2*g**2 - 3*g + 4. Let z be o(3). Let y be 4/((-4)/3) + z. Let q(k) = 7*k + 1. Let p(c) = -c. Let f(b) = y*q(b) + 6*p(b). What is f(-5)?
-4
Let m be (-1)/(-4) + 15/4. Let y(c) = -c**3 + 3*c**2 + 4*c + 4. Let z be y(m). Suppose 5*b + 18 = 3*h, 3*h - 1 + z = -2*b. Let f(l) = -6*l**2. Determine f(h).
-6
Let i be -3*-2*3/6. Suppose 5*z + i*y - 10 = 21, y = z - 3. Let p(m) = 2*m - 1. Let b(o) = -2*o + 2. Let w(d) = 4*b(d) + 3*p(d). Give w(z).
-5
Let r = -7 - -5. Suppose 1 - 5 = -f. Let d be r/8 + (-7)/f. Let v(l) = -l**3 + l**2 + 3*l + 1. Give v(d).
7
Let n = -2 - 2. Let j(h) = -2*h + 2*h - 2*h - 2. Calculate j(n).
6
Let u(c) = 2*c + 1 - 14 + c**2 - 3*c + 1. What is u(0)?
-12
Let y(m) = m**2 + m - 1. Suppose 10*z - 5*z = 0. Give y(z).
-1
Let q = -35 + 29. Let d(v) = v**2 + 6*v - 1. Give d(q).
-1
Let b(o) be the third derivative of 1/60*o**5 + 2/3*o**3 - 1/4*o**4 + 0*o + 0 - 2*o**2. Give b(5).
-1
Let d(n) = -2*n - 6. Let a(o) = -6*o - 18. Let u be (2/3)/((-1)/15). Let c(g) = u*d(g) + 3*a(g). Let p be 40/(-12)*(-3)/(-2). Give c(p).
-4
Let z(w) be the first derivative of w**2/2 - 2*w - 10. Suppose -4*u = -b + 16, -6*b = 3*u - b - 11. What is z(u)?
-5
Let o(h) = -h + 1. Let i(b) = b + 2. Let m be i(-5). Let l be (m/(-4))/((-7)/56). Give o(l).
7
Suppose 2*c = c + 6. Let v(j) = 7*j - c*j**3 - 6*j + 0*j**2 + j**2 + 1. Suppose 0 = 2*n + 3 - 1. Give v(n).
7
Suppose 2*r - 7 = 1. Let j(b) = -7*b**2 + 13*b - 10. Suppose -4*a - 9 = 15. Let l(i) = 6*i**2 - 12*i + 9. Let k(f) = a*l(f) - 5*j(f). Calculate k(r).
8
Let k(i) be the second derivative of i**3/6 + 3*i**2/2 + i. Let r be -1 + 8 + (-11 - 0) + 8. Give k(r).
7
Let r(o) = o**2 - 4*o - 3. Let g(x) = -2*x + 1. Let i be g(-1). Give r(i).
-6
Suppose -3*o + 10 = 5*w - 10, 2*w - 17 = -3*o. Let s(m) = -8*m - o - 2*m + 12*m - 4*m. What is s(-4)?
3
Let q(g) = -15*g - 7. Let w(z) = -8*z - 4. Let t(y) = 3*q(y) - 5*w(y). Let k(n) = -n + 5. Let a be k(4). Determine t(a).
-6
Let a(v) = 0 + 19 + v**2 - 6 + v. Give a(0).
13
Let y(g) = 4*g**2 + 3*g - 6. Let x(s) = -3*s**2 - 3*s + 5. Let m(u) = -3*x(u) - 2*y(u). What is m(-4)?
1
Suppose -2*l + 1 = -3. Suppose -4*a + 10 - l = -2*k, -2*k + 3*a - 8 = 0. Let c(d) = d**2 + 6*d + 5. Calculate c(k).
-3
Suppose c = 5*c - 12. Let m = 5 - c. Let l(h) = -h**2 - 1. Let g be l(m). Let y(z) = -z**2 - 3*z + 7. What is y(g)?
-3
Let p(v) = -v + 20. Let k(a) = a - 20. Let q(y) = 3*k(y) + 4*p(y). What is q(0)?
20
Let b(u) = u**2 - 6*u - 13. Let t be b(7). Let g(s) = -s**3 - 7*s**2 - 7*s - 5. Determine g(t).
1
Let h(d) = 17*d + 4. Let v(p) = 4*p + 1. Let g(l) = 2*h(l) - 9*v(l). Determine g(-2).
3
Suppose -7*p - 42 + 0 = 0. Let v(k) = k**3 + 5*k**2 - 6*k + 8. Give v(p).
8
Let p = -2 - -3. Suppose 3*o + 5*t = -25, 3*o - 2*t = 15 - 5. Let n(d) = -2*d + p + o*d - d**2 + 0*d. Calculate n(-2).
1
Let x(m) = -1 + m + 5 - 6 + 3. Determine x(3).
4
Let v(p) = p**2 - 2*p + 1. Suppose 4*w + 2*z - 6 = 2, -4 = -2*w - 3*z. Determine v(w).
1
Let a(u) = u - 3. Let q be a(4). Let v = -1 + q. Suppose v = 3*i - 3 - 0. Let r(k) = 8*k**3 - k. Give r(i).
7
Let d be (-21)/7 + 5*1. Let t(h) = 8*h - h**d - 12 + 0*h**2 + 4. Give t(6).
4
Let b(v) be the second derivative of v**4/4 - v**3/3 + v**2/2 - 8*v. Calculate b(1).
2
Let t be (-1 + 1)/(4 - 5) - 1.